{"id":351,"date":"2024-12-25T18:28:12","date_gmt":"2024-12-25T18:28:12","guid":{"rendered":"https:\/\/deefprofessional.com.tr\/?post_type=product&#038;p=351"},"modified":"2026-03-01T12:28:25","modified_gmt":"2026-03-01T12:28:25","slug":"avokado-sac-maskesi","status":"publish","type":"product","link":"https:\/\/deefprofessional.com.tr\/?product=avokado-sac-maskesi","title":{"rendered":"Avokado Sa\u00e7 Maskesi"},"content":{"rendered":"<p>\u0130\u00e7eri\u011findeki bitkisel \u00f6zler ile sa\u00e7lar\u0131n\u0131z\u0131 besler ve canl\u0131l\u0131k kazand\u0131r\u0131r. Ayn\u0131 zamanda sa\u00e7lar\u0131n\u0131z\u0131 yumu\u015fat\u0131r ve parlak bir g\u00f6r\u00fcn\u00fcm sa\u011flar.<\/p>\n<p><strong>Propylene Glycol, <\/strong>Sa\u00e7\u0131n ihtiyac\u0131 olan Nem sa\u011flar, \u00e7ok \u00e7e\u015fitli nemlendirici k\u0131l k\u00f6k\u00fc, g\u00fcne\u015f ve cilt bak\u0131m \u00fcr\u00fcnlerinde kullan\u0131lmaktad\u0131r. \u00c7\u00f6z\u00fcc\u00fc ve yard\u0131mc\u0131 koruyucu g\u00f6revi g\u00f6r\u00fcr. Viskoz, berrak, renksiz, su ve alkol ile kar\u0131\u015fabilen bir s\u0131v\u0131d\u0131r. \u00c7e\u015fitli maddelerin \u00e7\u00f6z\u00fcn\u00fcrl\u00fc\u011f\u00fcn\u00fc \u00f6nemli \u00f6l\u00e7\u00fcde art\u0131rabilir, b\u00f6ylece daha kararl\u0131 bir da\u011f\u0131l\u0131m\u0131 kolayla\u015ft\u0131rabilir<\/p>\n<p><strong>Glycerin, <\/strong>Nemlendirici olarak i\u015flev g\u00f6r\u00fcr. Sa\u00e7lar\u0131n\u0131z\u0131 yumu\u015fat\u0131r.<\/p>\n<p><strong>Paraffinum Liquidum, <\/strong>Sa\u00e7lar\u0131 yumu\u015fatma ve k\u0131l k\u00f6kleri kurulu\u011funu giderme etkisine de sahiptir. Ayn\u0131 zamanda sa\u00e7ta k\u0131r\u0131klar\u0131na iyi gelir.<\/p>\n<p><strong>Caprylic\/ Capric Triglyceride, <\/strong>yumu\u015fat\u0131c\u0131, sa\u00e7 bak\u0131m maddesi ve \u00e7\u00f6z\u00fcc\u00fc olarak i\u015flev g\u00f6r\u00fcr. Yenilenebilir bitkisel ya\u011flardan elde edilen ya\u011f esteridir. GDO (Geneti\u011fi De\u011fi\u015ftirilmi\u015f Organizma) i\u00e7ermez. M\u00fckemmel rengi ve kokusu onu kozmetikler ve ki\u015fisel bak\u0131m \u00fcr\u00fcnleri i\u00e7in iyi bir yumu\u015fat\u0131c\u0131 ve kokular i\u00e7in \u00e7\u00f6z\u00fcc\u00fc yapar.<\/p>\n<p><strong>Beeswax, <\/strong>Balmumu \u00f6zellikle nemlendirici ve yumu\u015fat\u0131c\u0131 \u00f6zelli\u011finden dolay\u0131 do\u011fal bak\u0131m \u00fcr\u00fcnlerinin i\u00e7eriklerinde s\u0131k\u00e7a yer al\u0131r. Ayn\u0131 zamanda sa\u00e7 \u00fczerinde bir katman olu\u015fturarak uzun s\u00fcre nemli ve parlak tutar. Bundan dolay\u0131d\u0131r ki sa\u00e7 \u00fcr\u00fcnlerinde s\u0131k\u00e7a kullan\u0131lmaktad\u0131r. Kuru ve tahri\u015f olmu\u015f k\u0131l k\u00f6kleri i\u00e7in rahatlama \u00f6zelli\u011fi bulunan balmumu i\u00e7eri\u011finde bol miktarda A vitamini i\u00e7erir. Havada ki nemi \u00e7eker sa\u00e7lar\u0131m\u0131z\u0131n kurumas\u0131na izin vermez.<\/p>\n<p><strong>Spirulina Platensis Extract, <\/strong>k\u0131r\u0131\u015f\u0131kl\u0131k \u00f6nleyici, koyu renkli bir daire, antioksidan, antienflamatuar, gen\u00e7le\u015ftirici ve s\u0131k\u0131la\u015ft\u0131r\u0131c\u0131 aktif olarak hareket eder. sa\u00e7 s\u0131k\u0131l\u0131\u011f\u0131n\u0131 artt\u0131r\u0131r. Antioksidan ve antienflamatuar \u00f6zellikleri sa\u00e7 h\u00fccrelerinin korunmas\u0131na yard\u0131mc\u0131 olur ve k\u0131r\u0131larak d\u00f6k\u00fclmeleri \u00f6nler.<\/p>\n<p><strong>Persea Gratissima Oil, <\/strong><strong>Avokado ya\u011f\u0131; <\/strong>Y\u00fcksek miktarda E vitamini i\u00e7erir. sa\u00e7 h\u00fccrelerini yenilemeye yard\u0131mc\u0131 olur. sa\u00e7 k\u0131r\u0131klar\u0131n\u0131n olu\u015fumunu engellemeye yard\u0131mc\u0131 olur. sa\u00e7lar\u0131 besler ve canl\u0131l\u0131k kazand\u0131r\u0131r. Nemlendirme \u00f6zelli\u011fi bulunur<\/p>\n<p><strong>Rosa Canina Seed Oil, Ku\u015fburnu ya\u011f\u0131 <\/strong>i\u00e7eri\u011findeki mineral, vitamin ve bolca bulunan Linoleik asit sayesinde sebum dengesini bozmadan size m\u00fckemmel bir nemlendirme sa\u011flar. Bunun yan\u0131nda sa\u00e7 k\u0131l k\u00f6kleri \u00fczerinde bariyer olu\u015fturarak sa\u00e7lar\u0131n\u0131z\u0131n nem kayb\u0131na kar\u015f\u0131 uzun s\u00fcre korur ve bunu yaparken ya\u011fl\u0131 bir his b\u0131rakmaz.<\/p>\n","protected":false},"excerpt":{"rendered":"<p>\u0130\u00e7eri\u011findeki bitkisel \u00f6zler ile sa\u00e7lar\u0131n\u0131z\u0131 besler ve canl\u0131l\u0131k kazand\u0131r\u0131r. Ayn\u0131 zamanda sa\u00e7lar\u0131n\u0131z\u0131 yumu\u015fat\u0131r ve parlak bir g\u00f6r\u00fcn\u00fcm sa\u011flar.<\/p>\n","protected":false},"featured_media":356,"comment_status":"open","ping_status":"closed","template":"","meta":{"_kad_post_transparent":"default","_kad_post_title":"","_kad_post_layout":"default","_kad_post_sidebar_id":"","_kad_post_content_style":"default","_kad_post_vertical_padding":"default","_kad_post_feature":"","_kad_post_feature_position":"","_kad_post_header":false,"_kad_post_footer":false},"product_brand":[45],"product_cat":[15,27],"product_tag":[50,63,51,48,62],"class_list":{"0":"post-351","1":"product","2":"type-product","3":"status-publish","4":"has-post-thumbnail","6":"product_brand-deefprofessional","7":"product_cat-genel","8":"product_cat-sacbakim","9":"product_tag-avokado","10":"product_tag-deefproffesional","11":"product_tag-maske","12":"product_tag-sac","13":"product_tag-sac-maskesi","15":"first","16":"instock","17":"shipping-taxable","18":"purchasable","19":"product-type-simple","20":"entry","21":"content-bg","22":"loop-entry"},"_links":{"self":[{"href":"https:\/\/deefprofessional.com.tr\/index.php?rest_route=\/wp\/v2\/product\/351","targetHints":{"allow":["GET"]}}],"collection":[{"href":"https:\/\/deefprofessional.com.tr\/index.php?rest_route=\/wp\/v2\/product"}],"about":[{"href":"https:\/\/deefprofessional.com.tr\/index.php?rest_route=\/wp\/v2\/types\/product"}],"replies":[{"embeddable":true,"href":"https:\/\/deefprofessional.com.tr\/index.php?rest_route=%2Fwp%2Fv2%2Fcomments&post=351"}],"wp:featuredmedia":[{"embeddable":true,"href":"https:\/\/deefprofessional.com.tr\/index.php?rest_route=\/wp\/v2\/media\/356"}],"wp:attachment":[{"href":"https:\/\/deefprofessional.com.tr\/index.php?rest_route=%2Fwp%2Fv2%2Fmedia&parent=351"}],"wp:term":[{"taxonomy":"product_brand","embeddable":true,"href":"https:\/\/deefprofessional.com.tr\/index.php?rest_route=%2Fwp%2Fv2%2Fproduct_brand&post=351"},{"taxonomy":"product_cat","embeddable":true,"href":"https:\/\/deefprofessional.com.tr\/index.php?rest_route=%2Fwp%2Fv2%2Fproduct_cat&post=351"},{"taxonomy":"product_tag","embeddable":true,"href":"https:\/\/deefprofessional.com.tr\/index.php?rest_route=%2Fwp%2Fv2%2Fproduct_tag&post=351"}],"curies":[{"name":"wp","href":"https:\/\/api.w.org\/{rel}","templated":true}]}}