{"id":444,"date":"2025-01-02T13:19:52","date_gmt":"2025-01-02T13:19:52","guid":{"rendered":"https:\/\/deefprofessional.com.tr\/?post_type=product&#038;p=444"},"modified":"2026-03-01T12:28:14","modified_gmt":"2026-03-01T12:28:14","slug":"gunduz-kremi","status":"publish","type":"product","link":"https:\/\/deefprofessional.com.tr\/?product=gunduz-kremi","title":{"rendered":"G\u00fcnd\u00fcz Kremi"},"content":{"rendered":"<p>Y\u00fcz g\u00fcnd\u00fcz kremi 24 saat s\u00fcrebilen yo\u011fun bir nemlendirici etkiye sahiptir. Kremin i\u00e7erdi\u011fi do\u011fal bile\u015fenler cildi besler, lipit bariyerini onar\u0131r, ince k\u0131r\u0131\u015f\u0131kl\u0131klar\u0131n g\u00f6r\u00fcn\u00fcm\u00fcn\u00fc \u00f6nler, cildi aktif olarak nemlendirir, tonland\u0131r\u0131r ve tazeler. i\u00e7ermi\u015f oldu\u011fu SPF filtreleri ile ultraviyole radyasyonunun cilde olumsuz etkilerine kar\u015f\u0131 koruma sa\u011flar.<\/p>\n<p><strong>Methoxyphenyl Triazine(g\u00fcne\u015f filtleri; <\/strong>UV-A ve UV-B Filtre. G\u00fcne\u015f \u0131\u015f\u0131nlar\u0131 emerek cildi korur.<\/p>\n<p><strong>Caprylic \/ Capric Triglyceride , <\/strong>yumu\u015fat\u0131c\u0131, cilt bak\u0131m maddesi ve \u00e7\u00f6z\u00fcc\u00fc olarak i\u015flev g\u00f6r\u00fcr. Yenilenebilir bitkisel ya\u011flardan elde edilen ya\u011f esteridir. GDO i\u00e7ermez. M\u00fckemmel rengi ve kokusu onu kozmetikler ve ki\u015fisel bak\u0131m \u00fcr\u00fcnleri i\u00e7in iyi bir yumu\u015fat\u0131c\u0131 ve kokular i\u00e7in \u00e7\u00f6z\u00fcc\u00fc yapar.<\/p>\n<p><strong>Panthenol<\/strong>, cilde uyguland\u0131\u011f\u0131nda kolayl\u0131kla pantotenik aside d\u00f6n\u00fc\u015f\u00fcr. B5 vitamini olarak da bilinen pantotenik asit, B grubu vitaminlerin bir par\u00e7as\u0131d\u0131r ve suda \u00e7\u00f6z\u00fcnen bir vitamin olarak s\u0131n\u0131fland\u0131r\u0131l\u0131r. Pantotenik asit daha sonra h\u00fccrenin enerji d\u00f6ng\u00fcs\u00fcne \u00f6nemli bir bile\u015fen olarak dahil edilir. Panthenol&#8217;\u00fcn kendisi de suyu cildin \u00fcst tabakas\u0131na \u00e7ekebilir ve cildin yenilenmesini art\u0131rabilir.<\/p>\n<p><u>Temel faydalar <\/u>: Cildin nemli ve esnek kalmas\u0131na yard\u0131mc\u0131 olur. Tahri\u015f ve k\u0131zarmay\u0131 engeller.<\/p>\n<p><strong>Tocopheryl acetate (E-vitamini)<\/strong><strong>;<\/strong> Yaralar\u0131n \u00e7abuk iyile\u015fmesini sa\u011flar. Cildin parlak g\u00f6r\u00fcnmesini sa\u011flar. Kolajen \u00fcretimini art\u0131r\u0131rak ya\u015flanmay\u0131 geciktirir. Antioksidand\u0131r. Cildi canland\u0131r\u0131r ve nemlendirir. Ciltteki kahverengi lekelerin hafiflemesine yard\u0131mc\u0131 olur.<\/p>\n<p><strong>Allantoin<\/strong>, nemlendirme \u00f6zelliklerine sahip nihai bir h\u00fccre proliferasyon bile\u015fenidir. Y\u0131pranm\u0131\u015f ciltte p\u00fcr\u00fczs\u00fczl\u00fck ve yat\u0131\u015ft\u0131r\u0131c\u0131 etki sa\u011flar. H\u00fccre yenilenmesini destekler ve enflamatuar yan\u0131t\u0131 d\u00fczenler. Sa\u00e7 bak\u0131m\u0131, v\u00fccut \/ el ve bebek bak\u0131m\u0131, y\u00fcz temizli\u011fi ve renkli kozmetikler i\u00e7in \u00f6nerilir. Ayr\u0131ca g\u00fcne\u015ften korunma, g\u00fcne\u015f bak\u0131m\u0131, di\u015f macunu, deodorantlar ve a\u011f\u0131z terleticiler i\u00e7in tavsiye edilir. Alantoin bak\u0131m\u0131ndan zengin karakafes k\u00f6klerinden yap\u0131lan merhemler, antik \u00e7a\u011flardan beri naturopatik t\u0131pta yara iyile\u015ftirici yard\u0131mc\u0131lar olarak kullan\u0131lmaktad\u0131r.<\/p>\n","protected":false},"excerpt":{"rendered":"<p>Y\u00fcz g\u00fcnd\u00fcz kremi 24 saat s\u00fcrebilen yo\u011fun bir nemlendirici etkiye sahiptir. Kremin i\u00e7erdi\u011fi do\u011fal bile\u015fenler cildi besler, lipit bariyerini onar\u0131r, ince k\u0131r\u0131\u015f\u0131kl\u0131klar\u0131n g\u00f6r\u00fcn\u00fcm\u00fcn\u00fc \u00f6nler, cildi aktif olarak nemlendirir, tonland\u0131r\u0131r ve tazeler. i\u00e7ermi\u015f oldu\u011fu SPF filtreleri ile ultraviyole radyasyonunun cilde olumsuz etkilerine kar\u015f\u0131 koruma sa\u011flar.<\/p>\n","protected":false},"featured_media":447,"comment_status":"open","ping_status":"closed","template":"","meta":{"_kad_post_transparent":"default","_kad_post_title":"","_kad_post_layout":"default","_kad_post_sidebar_id":"","_kad_post_content_style":"default","_kad_post_vertical_padding":"default","_kad_post_feature":"","_kad_post_feature_position":"","_kad_post_header":false,"_kad_post_footer":false},"product_brand":[45],"product_cat":[15,24],"product_tag":[60,67,65,66],"class_list":{"0":"post-444","1":"product","2":"type-product","3":"status-publish","4":"has-post-thumbnail","6":"product_brand-deefprofessional","7":"product_cat-genel","8":"product_cat-ciltbakim","9":"product_tag-deefprofessional","10":"product_tag-el-ve-yuz","11":"product_tag-gunduz","12":"product_tag-krem","14":"first","15":"instock","16":"shipping-taxable","17":"purchasable","18":"product-type-simple","19":"entry","20":"content-bg","21":"loop-entry"},"_links":{"self":[{"href":"https:\/\/deefprofessional.com.tr\/index.php?rest_route=\/wp\/v2\/product\/444","targetHints":{"allow":["GET"]}}],"collection":[{"href":"https:\/\/deefprofessional.com.tr\/index.php?rest_route=\/wp\/v2\/product"}],"about":[{"href":"https:\/\/deefprofessional.com.tr\/index.php?rest_route=\/wp\/v2\/types\/product"}],"replies":[{"embeddable":true,"href":"https:\/\/deefprofessional.com.tr\/index.php?rest_route=%2Fwp%2Fv2%2Fcomments&post=444"}],"wp:featuredmedia":[{"embeddable":true,"href":"https:\/\/deefprofessional.com.tr\/index.php?rest_route=\/wp\/v2\/media\/447"}],"wp:attachment":[{"href":"https:\/\/deefprofessional.com.tr\/index.php?rest_route=%2Fwp%2Fv2%2Fmedia&parent=444"}],"wp:term":[{"taxonomy":"product_brand","embeddable":true,"href":"https:\/\/deefprofessional.com.tr\/index.php?rest_route=%2Fwp%2Fv2%2Fproduct_brand&post=444"},{"taxonomy":"product_cat","embeddable":true,"href":"https:\/\/deefprofessional.com.tr\/index.php?rest_route=%2Fwp%2Fv2%2Fproduct_cat&post=444"},{"taxonomy":"product_tag","embeddable":true,"href":"https:\/\/deefprofessional.com.tr\/index.php?rest_route=%2Fwp%2Fv2%2Fproduct_tag&post=444"}],"curies":[{"name":"wp","href":"https:\/\/api.w.org\/{rel}","templated":true}]}}